{"id":67,"date":"2025-03-19T15:57:47","date_gmt":"2025-03-19T14:57:47","guid":{"rendered":"http:\/\/racketlonyonnais.fr\/?page_id=67"},"modified":"2025-06-02T17:42:37","modified_gmt":"2025-06-02T15:42:37","slug":"entrainement-enfant","status":"publish","type":"page","link":"https:\/\/racketlonyonnais.fr\/?page_id=67","title":{"rendered":"Entra\u00eenement enfant"},"content":{"rendered":"\t\t<div data-elementor-type=\"wp-page\" data-elementor-id=\"67\" class=\"elementor elementor-67\">\n\t\t\t\t<div class=\"elementor-element elementor-element-9de6626 e-flex e-con-boxed e-con e-parent\" data-id=\"9de6626\" data-element_type=\"container\">\n\t\t\t\t\t<div class=\"e-con-inner\">\n\t\t\t\t<div class=\"elementor-element elementor-element-e885263 elementor-widget elementor-widget-text-editor\" data-id=\"e885263\" data-element_type=\"widget\" data-widget_type=\"text-editor.default\">\n\t\t\t\t<div class=\"elementor-widget-container\">\n\t\t\t\t\t\t\t\t\t<p><strong>\u00a0Entra\u00eenements Jeunes au Racketlon Yonnais\u00a0<\/strong><\/p><p>Le Racketlon Yonnais propose des entra\u00eenements adapt\u00e9s aux jeunes joueurs afin de leur permettre de d\u00e9couvrir et de progresser dans les quatre sports de raquette qui composent le Racketlon.<\/p><p><strong>\ud83d\udcc5 Horaires et organisation des entra\u00eenements<\/strong><\/p><p>\ud83d\udccd <strong>Quand ?<\/strong><br \/>\ud83d\udd60 Tous les mardis de 17h30 \u00e0 19h<\/p><p>\ud83d\udccd <strong>Combien de jeunes ?<\/strong><br \/>\ud83d\udc66\ud83d\udc67 24 jeunes licenci\u00e9s pour la saison 2024-2025, r\u00e9partis en deux groupes de niveau afin de garantir un apprentissage adapt\u00e9 \u00e0 chacun.<\/p><p><strong>\ud83c\udff8\ud83c\udfd3 Programme d&#8217;entra\u00eenement<\/strong><\/p><p>Les s\u00e9ances sont organis\u00e9es en alternance chaque semaine :<\/p><p>\u2705 <strong>Semaine 1 : Badminton &amp; Tennis de Table<\/strong><\/p><ul><li>45 minutes de badminton \ud83c\udff8<\/li><li>45 minutes de tennis de table \ud83c\udfd3<br \/>\ud83d\udeb6\u200d\u2642\ufe0f Les jeunes se d\u00e9placent \u00e0 pied entre les salles, toujours accompagn\u00e9s par un encadrant.<\/li><\/ul><p>\u2705 <strong>Semaine 2 : Tennis ou Squash<\/strong><\/p><ul><li>1h30 de tennis \ud83c\udfbe <strong>OU<\/strong> 1h30 de squash\u00a0<br \/>\u2757 Les deux sports ne sont pas pratiqu\u00e9s sur la m\u00eame s\u00e9ance en raison de la distance entre les infrastructures.<\/li><\/ul><p>\ud83d\udcbc <strong>Mat\u00e9riel<\/strong> : Tout l\u2019\u00e9quipement n\u00e9cessaire est fourni et pr\u00eat\u00e9 si besoin (raquettes, volants, balles\u2026).<\/p><p><strong>\u2694\ufe0f Des tournois pour progresser et se challenger ! <\/strong><\/p><p>En plus des entra\u00eenements, nous organisons des petits \u00e9v\u00e9nements internes pour encourager nos jeunes \u00e0 se confronter les uns aux autres.<\/p><p>\ud83c\udf83 <strong>Exemple : Le Tournoi de la Toussaint<\/strong><br \/>Lors de cette \u00e9dition, presque tous les jeunes licenci\u00e9s \u00e9taient pr\u00e9sents pour une journ\u00e9e de matchs et de d\u00e9fis, leur permettant d\u2019\u00e9valuer leur niveau et de progresser tout en s\u2019amusant !<\/p>\t\t\t\t\t\t\t\t<\/div>\n\t\t\t\t<\/div>\n\t\t\t\t\t<\/div>\n\t\t\t\t<\/div>\n\t\t\t\t<\/div>\n\t\t","protected":false},"excerpt":{"rendered":"<p>\u00a0Entra\u00eenements Jeunes au Racketlon Yonnais\u00a0 Le Racketlon Yonnais propose des entra\u00eenements adapt\u00e9s aux jeunes joueurs afin de leur permettre de d\u00e9couvrir et de progresser dans les quatre sports de raquette qui composent le Racketlon. \ud83d\udcc5 Horaires et organisation des entra\u00eenements \ud83d\udccd Quand ?\ud83d\udd60 Tous les mardis de 17h30 \u00e0 19h \ud83d\udccd Combien de jeunes ?\ud83d\udc66\ud83d\udc67 &hellip; <\/p>\n<p class=\"link-more\"><a href=\"https:\/\/racketlonyonnais.fr\/?page_id=67\" class=\"more-link\">Read more<span class=\"screen-reader-text\"> &#8220;Entra\u00eenement enfant&#8221;<\/span><\/a><\/p>\n","protected":false},"author":1,"featured_media":0,"parent":0,"menu_order":0,"comment_status":"closed","ping_status":"closed","template":"","meta":{"footnotes":""},"class_list":["post-67","page","type-page","status-publish","hentry"],"_links":{"self":[{"href":"https:\/\/racketlonyonnais.fr\/index.php?rest_route=\/wp\/v2\/pages\/67","targetHints":{"allow":["GET"]}}],"collection":[{"href":"https:\/\/racketlonyonnais.fr\/index.php?rest_route=\/wp\/v2\/pages"}],"about":[{"href":"https:\/\/racketlonyonnais.fr\/index.php?rest_route=\/wp\/v2\/types\/page"}],"author":[{"embeddable":true,"href":"https:\/\/racketlonyonnais.fr\/index.php?rest_route=\/wp\/v2\/users\/1"}],"replies":[{"embeddable":true,"href":"https:\/\/racketlonyonnais.fr\/index.php?rest_route=%2Fwp%2Fv2%2Fcomments&post=67"}],"version-history":[{"count":5,"href":"https:\/\/racketlonyonnais.fr\/index.php?rest_route=\/wp\/v2\/pages\/67\/revisions"}],"predecessor-version":[{"id":403,"href":"https:\/\/racketlonyonnais.fr\/index.php?rest_route=\/wp\/v2\/pages\/67\/revisions\/403"}],"wp:attachment":[{"href":"https:\/\/racketlonyonnais.fr\/index.php?rest_route=%2Fwp%2Fv2%2Fmedia&parent=67"}],"curies":[{"name":"wp","href":"https:\/\/api.w.org\/{rel}","templated":true}]}}